of d(f)?
3
Let i be (-72)/(-28) - 8/14. Suppose i*k - 1867 = 4*k - t, 0 = 4*k + 5*t + 3769. What is the hundreds digit of (1/(15/k))/((-6)/20)?
2
Let m be 44/(-4) - -5 - 22. Let r = m + 193. What is the tens digit of r?
6
What is the tens digit of (13760/7)/((-640)/(-2240))?
8
Let d(y) = -92*y - 370. Let m be d(-4). Let s = -14 + 6. What is the units digit of (-104)/m - (s - -12)?
8
Suppose 9*c - 7*c - 3*m - 3530 = 0, 4*c + m - 7060 = 0. Suppose -c = -5*o - 5*l, 13*o = 16*o + 2*l - 1064. What is the hundreds digit of o?
3
Let w = -457 - -471. Suppose 10*i = w*i - 3*a - 4961, 3*a = 2*i - 2479. What is the tens digit of i?
4
Let f be (0 - -4) + -11 + -6 + -366. Let z = f + 688. What is the units digit of z?
9
Let u(n) be the second derivative of 0 + n - 10*n**2 - 5/6*n**3. What is the units digit of u(-21)?
5
Suppose 0 = 3*s - 7*s + o - 1856, -3*s + 4*o - 1379 = 0. Let v = s - -1075. Suppose -v = -3*h + 125. What is the hundreds digit of h?
2
Let r(h) = 87*h**3 + 24*h**2 - 63*h + 4. What is the thousands digit of r(3)?
2
Suppose 24*b = -273 + 57. Let l(g) be the first derivative of 2*g**3/3 - g**2/2 + 11*g + 1. What is the tens digit of l(b)?
8
Suppose -13181 = 5*r + 2*o - 188283, 0 = r - o - 35026. What is the tens digit of (-3)/(-2)*r/117?
4
Let p = -91 - -89. What is the units digit of p/(-7) - (-8116)/14?
0
Let n be (34/68)/((7/6)/7). Suppose n*w - 464 + 3556 = 4*t, -3*t + 2314 = -w. What is the tens digit of t?
7
Suppose -3*j + 2*l = 56, -37 = 2*j - 0*l - l. Let b be (j/21)/(3/21). What is the tens digit of (-282)/45*b + (-21)/35?
3
Let z(h) = h**2 - 11*h + 25. Let g be z(5). What is the tens digit of (0 - 4/10) + (-347)/g?
6
Let d = 16060 - 8985. What is the hundreds digit of d?
0
What is the units digit of 149607/(-18)*(-9)/((-9)/(-2))?
3
Suppose -a = g - 6880, -3*g + 3*a + 0*a = -20610. What is the thousands digit of g?
6
Suppose -29*k + 1946664 = 10*k + 33*k. What is the tens digit of k?
3
Let m = -7482 - -38627. What is the tens digit of m?
4
What is the thousands digit of (-1924112)/(-56) - (-60)/70?
4
Let w(f) = f**2 + 11*f - 8. Let n be w(-12). Suppose -509 = -4*k + 427. Suppose 2*u + 246 = n*p, 3*p - 2*u = 7*p - k. What is the units digit of p?
0
Let r(k) = -k**2 + k + 25. Suppose i - 3*i = 4*u - 136, -3*i = 0. Let d = u - 34. What is the tens digit of r(d)?
2
What is the units digit of 7888 + -1 - (-5 - -6)?
6
Suppose -23*h - 234810 = -28*h + i, 5 = -i. What is the tens digit of h?
6
Suppose -m + 10*m = 36. Suppose 2*s - 5*w = -m, -6 - 14 = -s - 3*w. Suppose 41 = 9*l - s*l. What is the tens digit of l?
4
What is the units digit of (29/(290/12) - 0)*36970/4?
1
Suppose -101 = -3*o + 34. Suppose 3*f = 4*i + 208 - o, 5*i - 5*f + 210 = 0. Let z = 161 + i. What is the hundreds digit of z?
1
Suppose 5*x + 2*x = -273. Let p = -34 - x. Suppose 2*m = -3*c + 135, -m - m - p*c + 125 = 0. What is the tens digit of m?
7
Let a = -6848 + 13730. What is the thousands digit of a?
6
Let n(f) = 7*f**3 - 14*f**2 + 0*f**2 - 9*f - f**3 - 5*f**3 - 15. Let w be n(13). Let q = -207 - w. What is the tens digit of q?
9
Suppose -30*q + 11 = -49. Let t(n) = n**2 - n + 2. Let j be t(0). Suppose j*h - 138 = q*o, 5*h - 62 = -o + 283. What is the tens digit of h?
6
Suppose o = 2*g - 111, 4*o + 0*g - g + 409 = 0. Let y = 2756 + -2480. Let n = o + y. What is the tens digit of n?
7
Let i(f) = 310*f**2 + 9*f - 27. Let n be i(-6). What is the hundreds digit of (30/4)/(7 - n/1584)?
3
Let t = 13086 - 10221. What is the hundreds digit of t?
8
Let k = -14 - -18. Suppose -k*n + 4*r + 158 = -774, 3*n + 2*r = 724. What is the tens digit of n?
3
Suppose -11*a - 4 = -7*a, -22 = -5*h + 2*a. Suppose j - 4*j = 0. Suppose w + h*v - 56 = j, 4*w + v + 0*v = 269. What is the units digit of w?
8
Suppose -1344*k = -1320*k - 1014120. What is the hundreds digit of k?
2
Let g(t) = -t - 12 - 12 + 3*t + 1. Let o be g(14). What is the tens digit of (-4)/(20/o) + -1 + 68?
6
Let r(y) = 36*y + 92. Let n(c) = -20*c**3 - 3*c**2 - 3*c - 1. Let p be n(-1). What is the hundreds digit of r(p)?
7
Suppose w + 3*u - 8 = 0, -9*w - 5*u + 20 = -4*w. Suppose 4*f - 3720 = 2*j, -w*f + 346 + 1508 = -4*j. What is the tens digit of f?
3
Suppose -3*w + 68433 - 57273 = 0. What is the units digit of w?
0
Let g(j) = 486*j**2 + 65*j + 95. What is the ten thousands digit of g(-5)?
1
What is the thousands digit of (20/8 + -1)*(-26680)/(-6)?
6
Let r(l) = 6*l + 220. Let t be r(-36). Suppose -3*q = 2*g - 7*g - 1704, g = t*q - 2255. What is the tens digit of q?
6
Let a be 27*(-1 - (-24)/18). What is the tens digit of a/((-54)/(-1904)) + 4/(-12)?
1
Suppose -5*u - 7193 = -772*t + 768*t, 5*t + 3*u - 9019 = 0. What is the units digit of t?
2
Let k(c) = -c**3 + 34*c**2 - 35*c + 72. Let f be k(33). Suppose 4*p - 3*z = 1775, 0 = p - f*p + 2*z + 2224. What is the tens digit of p?
4
Let c be (12/8)/((-1)/(-6)). Suppose 3*y + 3 - c = 0. Suppose 5*k = y*k + 222. What is the tens digit of k?
7
Suppose -5*y + 22 - 137 = 0. Let x = 28 + y. Suppose 2 = x*q - 238. What is the units digit of q?
8
What is the hundreds digit of (6/2)/((-15)/2976)*(22 - 37)?
9
Let r(c) = -2*c**3 - 12*c**2 - 14*c + 58. Let m(l) = l**3 + 6*l**2 + 7*l - 29. Let b(v) = 7*m(v) + 4*r(v). What is the hundreds digit of b(-7)?
1
Let v(r) = 8*r**3 + 12*r**2 + r - 16. Let z be v(5). Let i = -309 + z. What is the hundreds digit of i?
9
Suppose 3*y + 5 = c, 0*c - 3*c = 2*y - 4. Let l(s) = 14*s + 6*s**2 + 31*s**2 - 15*s. What is the tens digit of l(y)?
3
Let t = 194 + -194. Suppose t = -147*x + 142*x + 255. What is the tens digit of x?
5
Suppose -2*y - 2*y + 8 = 0. Let d(u) = 101*u + 18 - 35 - 3. What is the units digit of d(y)?
2
Let r(q) = -5*q - 2. Let f(x) = -6*x - 1. Let a(n) = -8*f(n) + 5*r(n). Suppose -16 = -3*d - 5*b, -4*d + 1 = -3*b - 1. What is the tens digit of a(d)?
4
Let v(f) = 3*f**3 - 8*f**2 + 10*f - 31. Let x be v(9). Suppose 4*q - 11*a - 2131 = -10*a, a = 3*q - x. What is the hundreds digit of q?
5
Suppose 168*i - 2900 = 173*i. Suppose 3*q = 697 + 1862. Let f = i + q. What is the tens digit of f?
7
Let a(s) = 1105*s - 60. Let c be a(6). Suppose -c = -22*l + 7*l. What is the tens digit of l?
3
Let m = -45 + -35. Let h = m + 100. Suppose 510 = -17*t + h*t. What is the hundreds digit of t?
1
What is the hundreds digit of (-52283)/(-14) + (0 - 1/2)?
7
Suppose -632*i = -633*i + 30639. What is the units digit of i?
9
Let m(j) = -j**3 - 4*j**2 - 17. Let z be m(0). Let n(q) = 3*q**2 + 5*q + 18. What is the units digit of n(z)?
0
Let a = 1199 - 140. Suppose 6*d - 11*d + 5*k + 1045 = 0, 5*d + 2*k - a = 0. Suppose 5*u - d = -3*s, -2*u - 4 = -u. What is the tens digit of s?
7
Let r be 0/27 + (-3*236 - 2). Let a = r - -1154. What is the hundreds digit of a?
4
Let r(w) be the first derivative of -54*w**2 - 233*w + 185. What is the tens digit of r(-17)?
0
Suppose -10*u - 7 = -3*u. What is the tens digit of ((-4 + 440)/(-2))/u?
1
Let q = 48213 + -32492. What is the thousands digit of q?
5
Suppose -160 = 2*v - 6*v. Suppose 0 = 2*y - 10*y + v. Let q(x) = 2*x**3 - 8*x**2 + 3*x + 4. What is the tens digit of q(y)?
6
Let d(l) = l**3 + 3*l**2 + 2*l. Let b(q) = q**3 + 4*q**2 + 3*q + 1. Let f(p) = -5*b(p) + 4*d(p). Let j be f(-4). Let x = 25 - j. What is the tens digit of x?
6
Suppose 2*m = 2*i + 3*m + 107, -2*m = -2. Suppose 21*k = 28*k + 763. Let a = i - k. What is the units digit of a?
5
Let q(v) be the first derivative of -3*v**2/2 + 36*v + 3. Let h be q(12). Suppose -5*j - 433 = -3*l, h*j - 5*j + 297 = 2*l. What is the hundreds digit of l?
1
Suppose 11*a - 2 = -2. Suppose t + 192 = 2*u, 0*t + t - 2 = a. What is the units digit of u?
7
What is the units digit of 1512/(-126) + -1 + 8758?
5
Suppose -14 = -5*l + 6. Suppose 164 - 16 = l*d. Suppose 3*c + 18 = 2*r - 3, d = 4*r - c. What is the units digit of r?
9
Let a(b) = 151*b**2 - 8*b - 40. What is the hundreds digit of a(-6)?
4
Let v be 24*((-20)/(-8) + -2). Suppose 6*j = 4*j + v. What is the units digit of j/7 + 8/56?
1
Let x = 110067 + -58760. What is the units digit of x?
7
Let t(v) = -151*v**3 + 39*v**2 - 7*v - 26. What is the tens digit of t(-5)?
5
Let m(p) = -7930*p + 506. What is the hundreds digit of m(-3)?
2
Let r(q) = -164*q**2 - 3*q + 2. Let i be r(-2). Let w = i + 1099. Let u = -188 + w. What is the units digit